common divisor of 120 and 4515800.
40
What is the greatest common factor of 48 and 57488?
16
Calculate the greatest common factor of 1650 and 11575.
25
Calculate the highest common factor of 112200 and 22100.
1700
Calculate the highest common factor of 107 and 393439.
107
Calculate the greatest common divisor of 6509 and 69.
23
Calculate the greatest common divisor of 204 and 901.
17
Calculate the highest common factor of 23684 and 124.
124
What is the greatest common factor of 60 and 205340?
20
Calculate the greatest common divisor of 58667 and 578.
289
Calculate the highest common factor of 17434 and 736.
46
What is the highest common factor of 56338 and 646?
34
What is the highest common divisor of 4636 and 38000?
76
Calculate the greatest common divisor of 48 and 589608.
24
Calculate the highest common divisor of 37548 and 3990.
42
Calculate the highest common factor of 580006 and 136.
34
What is the greatest common divisor of 44200 and 275?
25
What is the greatest common divisor of 2409627 and 22?
11
Calculate the greatest common factor of 60 and 112935.
15
What is the greatest common divisor of 48 and 11392?
16
What is the greatest common divisor of 304 and 95?
19
What is the highest common factor of 305 and 467321?
61
Calculate the highest common factor of 750425 and 325.
325
Calculate the highest common factor of 414 and 62100.
414
What is the highest common factor of 12 and 28636?
4
What is the highest common divisor of 459 and 1853?
17
Calculate the greatest common divisor of 7514111 and 451.
451
What is the greatest common factor of 30 and 259200?
30
Calculate the greatest common factor of 32 and 2590144.
32
Calculate the greatest common factor of 17102 and 391334.
1006
What is the greatest common divisor of 24339 and 3050?
61
What is the highest common divisor of 6774 and 60?
6
What is the highest common divisor of 410 and 767356?
82
Calculate the highest common factor of 167028 and 396.
12
What is the highest common factor of 670 and 4065895?
335
Calculate the greatest common factor of 306 and 309924.
18
Calculate the highest common divisor of 189779 and 101.
101
Calculate the greatest common factor of 62963 and 3555.
79
Calculate the highest common factor of 1904 and 7208.
136
Calculate the greatest common divisor of 185 and 271321.
37
Calculate the highest common factor of 792 and 133416.
72
Calculate the greatest common factor of 830 and 20435.
5
Calculate the highest common divisor of 8079 and 9.
3
Calculate the greatest common divisor of 1416 and 29382.
354
Calculate the highest common divisor of 2272 and 16969.
71
Calculate the greatest common factor of 2244 and 1630572.
204
Calculate the highest common factor of 1211 and 117294.
173
Calculate the highest common divisor of 898943 and 34.
17
What is the highest common divisor of 6 and 2628012?
6
Calculate the highest common divisor of 2016 and 4662.
126
Calculate the highest common divisor of 1026518 and 994.
142
Calculate the highest common factor of 54005 and 70.
35
What is the greatest common divisor of 644 and 18929?
23
Calculate the greatest common factor of 348 and 321726.
174
Calculate the greatest common divisor of 54522 and 7488.
234
What is the greatest common divisor of 32469 and 11139?
237
Calculate the highest common divisor of 2380 and 185215.
85
What is the greatest common divisor of 2342 and 6760183?
1171
What is the greatest common factor of 63872 and 1192?
8
Calculate the highest common factor of 99 and 259853.
11
Calculate the highest common divisor of 8381 and 23171.
493
Calculate the highest common divisor of 935484 and 5968.
1492
What is the greatest common divisor of 37772 and 2272?
284
Calculate the greatest common factor of 5031 and 1032.
129
What is the greatest common factor of 27 and 10503?
27
What is the greatest common factor of 1738720 and 160?
160
What is the greatest common factor of 99250 and 19250?
250
What is the highest common divisor of 275 and 72545?
55
What is the greatest common divisor of 6151296 and 83?
83
Calculate the highest common divisor of 984065 and 485.
485
Calculate the greatest common factor of 9635 and 29140.
235
What is the highest common divisor of 331920 and 240?
240
What is the highest common divisor of 11747 and 2006?
17
Calculate the greatest common divisor of 1840239 and 243.
243
What is the highest common divisor of 994 and 2086?
14
What is the highest common divisor of 3 and 229791?
3
What is the greatest common divisor of 80 and 148765?
5
What is the greatest common factor of 978 and 61986?
6
Calculate the greatest common divisor of 6 and 252102.
6
What is the greatest common factor of 95 and 648204?
19
What is the greatest common divisor of 28334 and 121562?
914
Calculate the greatest common factor of 1985896 and 88.
88
What is the highest common divisor of 5886 and 71226?
54
Calculate the highest common factor of 175 and 5725.
25
Calculate the greatest common factor of 88938 and 3355.
61
Calculate the highest common factor of 342192 and 672.
48
Calculate the highest common factor of 210 and 84882.
42
Calculate the greatest common factor of 26199 and 71217.
369
What is the greatest common factor of 203281 and 247?
247
What is the highest common factor of 60 and 482235?
15
What is the highest common factor of 129955 and 50995?
1645
Calculate the highest common factor of 429760 and 170.
170
What is the greatest common divisor of 28301 and 637?
91
What is the greatest common divisor of 168878 and 34?
34
Calculate the greatest common factor of 4779 and 10443.
177
Calculate the highest common divisor of 667180 and 140.
20
Calculate the greatest common divisor of 784 and 976.
16
Calculate the highest common divisor of 109200 and 1600.
400
What is the greatest common factor of 912 and 39558?
114
What is the greatest common factor of 112 and 34664?
56
Calculate the highest common divisor of 6969 and 276.
69
Calculate the greatest common factor of 19592 and 12.
4
What is the highest common divisor of 46592 and 1581216?
2912
Calculate the highest common divisor of 200 and 2297080.
40
What is the greatest common factor of 21976 and 296?
8
Calculate the highest common divisor of 5 and 1794755.
5
Calculate the highest common divisor of 2817 and 39751.
313
What is the highest common divisor of 68 and 323255?
17
Calculate the highest common divisor of 85972 and 24.
4
What is the greatest common divisor of 639 and 549?
9
Calculate the highest common factor of 13497 and 6.
3
What is the greatest common divisor of 175466 and 236?
118
Calculate the highest common divisor of 30712 and 70498.
698
What is the greatest common divisor of 526 and 187782?
526
What is the highest common factor of 72565 and 3105?
115
Calculate the highest common factor of 49577 and 33.
11
Calculate the greatest common divisor of 118943 and 11796.
983
What is the highest common factor of 29568 and 7656?
264
Calculate the greatest common divisor of 1297170 and 2520.
630
What is the highest common factor of 21614 and 13534?
202
What is the highest common factor of 34477 and 73451?
1499
What is the greatest common divisor of 496 and 1603754?
62
What is the highest common divisor of 4278 and 989?
23
What is the greatest common factor of 44 and 17160?
44
What is the greatest common divisor of 132616 and 198?
22
Calculate the highest common divisor of 141816 and 95.
19
What is the greatest common divisor of 19 and 95?
19
What is the greatest common divisor of 18452 and 3332?
28
Calculate the greatest common divisor of 96 and 543732.
12
Calculate the highest common divisor of 2270139 and 57.
57
Calculate the highest common factor of 850 and 2225.
25
What is the highest common divisor of 454341 and 807?
807
What is the greatest common factor of 17131 and 259?
37
What is the greatest common factor of 42777 and 63?
63
Calculate the greatest common divisor of 188 and 3901.
47
What is the greatest common factor of 25 and 52320?
5
Calculate the highest common divisor of 28710 and 67815.
495
What is the greatest common divisor of 65 and 161135?
65
Calculate the highest common divisor of 192 and 31144.
8
Calculate the highest common divisor of 21 and 1146691.
7
Calculate the highest common divisor of 173778 and 44.
22
Calculate the greatest common factor of 49772 and